{"id":134,"date":"2021-03-12T09:51:41","date_gmt":"2021-03-12T09:51:41","guid":{"rendered":"https:\/\/projecteravensbruck.amical-mauthausen.org\/testimonis\/"},"modified":"2023-06-28T11:59:48","modified_gmt":"2023-06-28T11:59:48","slug":"testimonios","status":"publish","type":"page","link":"https:\/\/projecteravensbruck.amical-mauthausen.org\/es\/testimonios\/","title":{"rendered":"Testimonios y biograf\u00edas"},"content":{"rendered":"<p>Unas 120 espa\u00f1olas fueron deportadas al campo de Ravensbr\u00fcck y, salvo alg\u00fan caso excepcional, todas ellas hab\u00edan sido detenidas en Francia por actividades de resistencia contra la ocupaci\u00f3n nazi y encarceladas. Posteriormente se decidi\u00f3 su deportaci\u00f3n al campo de Ravensbr\u00fcck donde fueron se\u00f1aladas con un tri\u00e1ngulo rojo, para ser utilizadas como mano de obra esclava. Su identificaci\u00f3n, en ocasiones, es confusa: por errores en la transcripci\u00f3n de los lugares de nacimiento, en los apellidos o en los nombres; por figurar con el apellido de casada siguiendo la tradici\u00f3n francesa y, tambi\u00e9n por las largas d\u00e9cadas de silencio que ha sufrido este colectivo.<\/p>\n","protected":false},"excerpt":{"rendered":"<p>Unas 120 espa\u00f1olas fueron deportadas al campo de Ravensbr\u00fcck y, salvo alg\u00fan caso excepcional, todas ellas hab\u00edan sido detenidas en Francia por actividades de resistencia contra la ocupaci\u00f3n nazi y encarceladas. Posteriormente se decidi\u00f3 su deportaci\u00f3n al campo de Ravensbr\u00fcck donde fueron se\u00f1aladas con un tri\u00e1ngulo rojo, para ser utilizadas como mano de obra esclava. [&hellip;]<\/p>\n","protected":false},"author":1,"featured_media":0,"parent":0,"menu_order":0,"comment_status":"closed","ping_status":"closed","template":"page-testimonios.php","meta":{"_acf_changed":false,"footnotes":""},"class_list":["post-134","page","type-page","status-publish","hentry"],"acf":[],"_links":{"self":[{"href":"https:\/\/projecteravensbruck.amical-mauthausen.org\/es\/wp-json\/wp\/v2\/pages\/134","targetHints":{"allow":["GET"]}}],"collection":[{"href":"https:\/\/projecteravensbruck.amical-mauthausen.org\/es\/wp-json\/wp\/v2\/pages"}],"about":[{"href":"https:\/\/projecteravensbruck.amical-mauthausen.org\/es\/wp-json\/wp\/v2\/types\/page"}],"author":[{"embeddable":true,"href":"https:\/\/projecteravensbruck.amical-mauthausen.org\/es\/wp-json\/wp\/v2\/users\/1"}],"replies":[{"embeddable":true,"href":"https:\/\/projecteravensbruck.amical-mauthausen.org\/es\/wp-json\/wp\/v2\/comments?post=134"}],"version-history":[{"count":11,"href":"https:\/\/projecteravensbruck.amical-mauthausen.org\/es\/wp-json\/wp\/v2\/pages\/134\/revisions"}],"predecessor-version":[{"id":293,"href":"https:\/\/projecteravensbruck.amical-mauthausen.org\/es\/wp-json\/wp\/v2\/pages\/134\/revisions\/293"}],"wp:attachment":[{"href":"https:\/\/projecteravensbruck.amical-mauthausen.org\/es\/wp-json\/wp\/v2\/media?parent=134"}],"curies":[{"name":"wp","href":"https:\/\/api.w.org\/{rel}","templated":true}]}}

Testimonios y biografías

<p>Unas 120 españolas fueron deportadas al campo de Ravensbrück y, salvo algún caso excepcional, todas ellas habían sido detenidas en Francia por actividades de resistencia contra la ocupación nazi y encarceladas. Posteriormente se decidió su deportación al campo de Ravensbrück donde fueron señaladas con un triángulo rojo, para ser utilizadas como mano de obra esclava. Su identificación, en ocasiones, es confusa: por errores en la transcripción de los lugares de nacimiento, en los apellidos o en los nombres; por figurar con el apellido de casada siguiendo la tradición francesa y, también por las largas décadas de silencio que ha sufrido este colectivo.</p>

<p>Unas 120 españolas fueron deportadas al campo de Ravensbrück y, salvo algún caso excepcional, todas ellas habían sido detenidas en Francia por actividades de resistencia contra la ocupación nazi y encarceladas. Posteriormente se decidió su deportación al campo de Ravensbrück donde fueron señaladas con un triángulo rojo, para ser utilizadas como mano de obra esclava. [&hellip;]</p>
