{"id":262,"date":"2023-02-06T12:21:11","date_gmt":"2023-02-06T12:21:11","guid":{"rendered":"https:\/\/projecteravensbruck.amical-mauthausen.org\/testimonis\/alfonsina-bueno-vela\/"},"modified":"2023-02-06T12:25:28","modified_gmt":"2023-02-06T12:25:28","slug":"alfonsina-bueno-vela","status":"publish","type":"testimonis","link":"https:\/\/projecteravensbruck.amical-mauthausen.org\/es\/testimonis\/alfonsina-bueno-vela\/","title":{"rendered":"Alfonsina Bueno Vela"},"content":{"rendered":"<p>Alfonsina naci\u00f3 en la localidad zaragozana de Moros el 26 de enero de 1915, era hija de Miguel Bueno, un anarquista muy activo en la comarca del Bergued\u00e1 (Barcelona) durante la Rep\u00fablica y Guerra. En Berga, Alfonsina entr\u00f3 a trabajar en una f\u00e1brica de hilados y all\u00ed conoci\u00f3 a Josep Ester con quien se cas\u00f3 a principios del mes de enero de 1932.<\/p>\n<p>Josep fue un anarcosindicalista destacado durante las luchas e insurrecciones que la CNT organiz\u00f3 entre los obreros del textil durante la Rep\u00fablica. Fue uno de los fundadores de la Juventudes Libertarias de Berga. Al estallar la guerra, se alist\u00f3 como voluntario en la columna Tierra y Libertad y particip\u00f3 en los frentes de Madrid y de Arag\u00f3n. Posteriormente entr\u00f3 a formar parte del Ayuntamiento de Berga en representaci\u00f3n de la CNT. Por otro lado, el hermano de Alfonsina, Jos\u00e9, tambi\u00e9n de ideolog\u00eda anarquista y militante de la CNT, particip\u00f3 en los combates contra los franquistas como soldado la 26.\u00aa Divisi\u00f3n.<\/p>\n<p>Con la derrota de la Rep\u00fablica todos se vieron obligados a exiliarse. Alfonsina, su padre y su marido entraron a formar parte de la red de evasi\u00f3n que comandaba Francisco Ponz\u00e1n. El 30 de octubre de 1943 la Gestapo detuvo a su padre y a su hermano y \u00e9ste, que no participaba de las acciones de resistencia de sus familiares, fue torturado hasta que consiguieron la direcci\u00f3n de Josep en Toulouse, siendo detenido al d\u00eda siguiente. El d\u00eda 2 de noviembre, Alfonsina fue detenida estando con su hija quien encontr\u00f3 refugio entre los compa\u00f1eros de lucha de sus padres. Todos fueron encarcelados en la prisi\u00f3n de Saint Michel de Toulouse.<\/p>\n<p>A lo largo del mes de abril de 1944, Josep Ester, Jos\u00e9 Bueno y Miguel Bueno fueron deportados, desde Compiegne, hacia Mauthausen y unos meses m\u00e1s tarde, el 18 de agosto, el padre de Alfonsina fue asesinado en la c\u00e1mara de gas del castillo de Hartheim. Ella, por su parte, fue deportada a Ravensbruck a principios del mes siguiente en un penoso viaje, hacinadas en los vagones de carga de un convoy que se ve\u00eda obligado a interrumpir su marcha por los continuos bombardeos de la aviaci\u00f3n aliada. En Ravensbruck, a Alfonsina le fue adjudicada la matr\u00edcula 37884 y fue dirigida hasta la enfermer\u00eda donde le inyectaron, en el cuello del \u00fatero, un l\u00edquido extra\u00f1o. Como consecuencia de aquel \u201cexperimento\u201d su salud se vio afectada para siempre. En el campo de las mujeres tuvo que soportar unas p\u00e9simas condiciones de trabajo, la humillaci\u00f3n, el hambre y la constante presencia de la muerte.<\/p>\n<p>A principios del mes de marzo de 1945, los nazis evacuaron el campo de Ravensbruck y trasladaron a unas 2.500 prisioneras a Mauthausen entre las que viajaba Alfonsina y una treintena de espa\u00f1olas, llegando al campo austr\u00edaco durante los primeros d\u00edas del mes de marzo. Los republicanos contactaron con el grupo de espa\u00f1olas y Alfonsina y Josep pudieron tener un emotivo encuentro en las duchas del campo, despu\u00e9s de haber permanecido separados, sin saber nada el uno del otro ni de su hija, desde su detenci\u00f3n hac\u00eda algo m\u00e1s de un a\u00f1o.<br \/>\nCon la liberaci\u00f3n del campo, ambos fueron evacuados por la Cruz Roja en un convoy que los condujo hasta Suiza y desde all\u00ed a Francia. All\u00ed iniciaron su segundo exili, lleno de sufrimiento personal. En 1947 Josep y Alfonsina se separaron. Alfonsina no se recuper\u00f3 nunca de la enfermedad contra\u00edda en el campo.<\/p>\n<p>Alfonsina falleci\u00f3 en Toulouse en 1979. En vida fue condecorada por las autoridades brit\u00e1nicas, norteamericanas y francesas por su participaci\u00f3n en la Resistencia.<\/p>\n<p>Fuentes: El testimonio de Alfonsina Bueno a Neus Catal\u00e0 en el libro <em>De la Resistencia y la Deportaci\u00f3n.<\/em><br \/>\nNota biogr\u00e1fica en: CALVO GASCON, Juan M., <em>Dentro de poco os podr\u00e9 abrazar: Supervivientes aragoneses de los campos nazis<\/em>, Andorra, CELAN-Gobierno de Arag\u00f3n, Andorra, 2019, pp. 162-176.<\/p>\n","protected":false},"featured_media":0,"template":"","class_list":["post-262","testimonis","type-testimonis","status-publish","hentry"],"acf":[],"_links":{"self":[{"href":"https:\/\/projecteravensbruck.amical-mauthausen.org\/es\/wp-json\/wp\/v2\/testimonis\/262","targetHints":{"allow":["GET"]}}],"collection":[{"href":"https:\/\/projecteravensbruck.amical-mauthausen.org\/es\/wp-json\/wp\/v2\/testimonis"}],"about":[{"href":"https:\/\/projecteravensbruck.amical-mauthausen.org\/es\/wp-json\/wp\/v2\/types\/testimonis"}],"wp:attachment":[{"href":"https:\/\/projecteravensbruck.amical-mauthausen.org\/es\/wp-json\/wp\/v2\/media?parent=262"}],"curies":[{"name":"wp","href":"https:\/\/api.w.org\/{rel}","templated":true}]}}

<p>Alfonsina nació en la localidad zaragozana de Moros el 26 de enero de 1915, era hija de Miguel Bueno, un anarquista muy activo en la comarca del Berguedá (Barcelona) durante la República y Guerra. En Berga, Alfonsina entró a trabajar en una fábrica de hilados y allí conoció a Josep Ester con quien se casó a principios del mes de enero de 1932.</p>
<p>Josep fue un anarcosindicalista destacado durante las luchas e insurrecciones que la CNT organizó entre los obreros del textil durante la República. Fue uno de los fundadores de la Juventudes Libertarias de Berga. Al estallar la guerra, se alistó como voluntario en la columna Tierra y Libertad y participó en los frentes de Madrid y de Aragón. Posteriormente entró a formar parte del Ayuntamiento de Berga en representación de la CNT. Por otro lado, el hermano de Alfonsina, José, también de ideología anarquista y militante de la CNT, participó en los combates contra los franquistas como soldado la 26.ª División.</p>
<p>Con la derrota de la República todos se vieron obligados a exiliarse. Alfonsina, su padre y su marido entraron a formar parte de la red de evasión que comandaba Francisco Ponzán. El 30 de octubre de 1943 la Gestapo detuvo a su padre y a su hermano y éste, que no participaba de las acciones de resistencia de sus familiares, fue torturado hasta que consiguieron la dirección de Josep en Toulouse, siendo detenido al día siguiente. El día 2 de noviembre, Alfonsina fue detenida estando con su hija quien encontró refugio entre los compañeros de lucha de sus padres. Todos fueron encarcelados en la prisión de Saint Michel de Toulouse.</p>
<p>A lo largo del mes de abril de 1944, Josep Ester, José Bueno y Miguel Bueno fueron deportados, desde Compiegne, hacia Mauthausen y unos meses más tarde, el 18 de agosto, el padre de Alfonsina fue asesinado en la cámara de gas del castillo de Hartheim. Ella, por su parte, fue deportada a Ravensbruck a principios del mes siguiente en un penoso viaje, hacinadas en los vagones de carga de un convoy que se veía obligado a interrumpir su marcha por los continuos bombardeos de la aviación aliada. En Ravensbruck, a Alfonsina le fue adjudicada la matrícula 37884 y fue dirigida hasta la enfermería donde le inyectaron, en el cuello del útero, un líquido extraño. Como consecuencia de aquel “experimento” su salud se vio afectada para siempre. En el campo de las mujeres tuvo que soportar unas pésimas condiciones de trabajo, la humillación, el hambre y la constante presencia de la muerte.</p>
<p>A principios del mes de marzo de 1945, los nazis evacuaron el campo de Ravensbruck y trasladaron a unas 2.500 prisioneras a Mauthausen entre las que viajaba Alfonsina y una treintena de españolas, llegando al campo austríaco durante los primeros días del mes de marzo. Los republicanos contactaron con el grupo de españolas y Alfonsina y Josep pudieron tener un emotivo encuentro en las duchas del campo, después de haber permanecido separados, sin saber nada el uno del otro ni de su hija, desde su detención hacía algo más de un año.<br />
Con la liberación del campo, ambos fueron evacuados por la Cruz Roja en un convoy que los condujo hasta Suiza y desde allí a Francia. Allí iniciaron su segundo exili, lleno de sufrimiento personal. En 1947 Josep y Alfonsina se separaron. Alfonsina no se recuperó nunca de la enfermedad contraída en el campo.</p>
<p>Alfonsina falleció en Toulouse en 1979. En vida fue condecorada por las autoridades británicas, norteamericanas y francesas por su participación en la Resistencia.</p>
<p>Fuentes: El testimonio de Alfonsina Bueno a Neus Català en el libro <em>De la Resistencia y la Deportación.</em><br />
Nota biográfica en: CALVO GASCON, Juan M., <em>Dentro de poco os podré abrazar: Supervivientes aragoneses de los campos nazis</em>, Andorra, CELAN-Gobierno de Aragón, Andorra, 2019, pp. 162-176.</p>
