{"id":287,"date":"2023-02-07T08:34:31","date_gmt":"2023-02-07T08:34:31","guid":{"rendered":"https:\/\/projecteravensbruck.amical-mauthausen.org\/?post_type=testimonis&#038;p=287"},"modified":"2023-02-07T08:34:31","modified_gmt":"2023-02-07T08:34:31","slug":"secundina-barcelo-mirambell","status":"publish","type":"testimonis","link":"https:\/\/projecteravensbruck.amical-mauthausen.org\/es\/testimonis\/secundina-barcelo-mirambell\/","title":{"rendered":"Secundina Barcel\u00f3 Mirambell"},"content":{"rendered":"<p>Naci\u00f3 en Veguillas de la Sierra el 26 de mayo de 1910 (o 1911). Una peque\u00f1a y monta\u00f1osa poblaci\u00f3n turolense que en aquella d\u00e9cada sufri\u00f3 un descenso demogr\u00e1fico importante. La familia de Secundina fue una de las que emigr\u00f3 a Barcelona, cuando ella era muy peque\u00f1a. A los trece a\u00f1os estaba trabajando en una f\u00e1brica situada en el barrio de Gracia y posteriormente fue contratada, como tejedora a mano, en la empresa Can Pich y Aguilera. Militante de la UGT, debi\u00f3 ser una sindicalista comprometida puesto que form\u00f3 parte del comit\u00e9 de esta empresa durante la guerra. Con la Retirada se exili\u00f3 en Francia junto a su compa\u00f1ero Rafael Laborda.<\/p>\n<p>Empez\u00f3 a colaborar con la Resistencia, junto a Rafael y cuando \u00e9ste fue destinado a la Breta\u00f1a para organizar grupos del PSUC con objeto de realizar actos de sabotaje, Secundina qued\u00f3 sola en Orleans junto a su hijo. Rafael fue detenido y encarcelado en el penal de Eysses, donde particip\u00f3 activamente en la insurrecci\u00f3n que llevaron a cabo los internos en febrero de 1944 y una vez que fue sofocada aquella insurrecci\u00f3n un buen n\u00famero de internos fueron deportados a Dachau, entre los que se encontraba Rafael. Secundina tambi\u00e9n fue detenida el 19 de julio de 1944 y durante dos semanas permaneci\u00f3 en las oficinas de la Gestapo en Orleans, donde sufri\u00f3 torturas. Secundina, a pesar de ello, se mantuvo firme y la polic\u00eda pol\u00edtica no consigui\u00f3 el prop\u00f3sito de sacarle informaci\u00f3n que hubiese puesto en peligro a sus camaradas resistentes. Tras estos interrogatorios, la turolense, qued\u00f3 en un estado lamentable y fue trasladada a la prisi\u00f3n de Fresnes.<\/p>\n<p>El 15 de agosto de 1944 se form\u00f3 un gran convoy en la estaci\u00f3n de Pantin (Par\u00eds) formado por 1654 hombre y 543 mujeres. Hacinados en vagones de ganado, emprendieron un viaje que dur\u00f3 siete largos d\u00edas por las dificultades que encontr\u00f3 el tren para avanzar ante los ataques de la resistencia y los bombardeos sobre las l\u00edneas f\u00e9rreas. El d\u00eda 20 de agosto los hombres fueron desembarcados en Buchenwald y las mujeres siguieron ruta hacia Ravensbr\u00fcck donde ingresaron el d\u00eda siguiente. Adem\u00e1s de Secundina en este transporte fueron deportados otras dos espa\u00f1olas: Anunciaci\u00f3n Iriberri de Castro Urdiales y M\u00aa Carmen Van Hall, de Alcante. A Secundina le adjudicaron la matr\u00edcula 57610.<\/p>\n<p>Seg\u00fan el testimonio de Secundina, recogido por la superviviente Neus Catal\u00e1 y la escritora Montserrat Roig, en Ravensbr\u00fcck permaneci\u00f3 un mes realizando pesados trabajos hasta que fue trasladada a un nuevo destino con la intenci\u00f3n de utilizarla como trabajadora forzada en una f\u00e1brica de material de guerra, As\u00ed empez\u00f3 un itinerario que la llev\u00f3 por diferentes kommandos externos \u2013Torbau, Abterode,\u2026- donde tuvo que realizar trabajos forzados en penosas condiciones. Ante el avance de los aliados, los nazis evacuaron el campo donde se encontraba Secundina, con direcci\u00f3n hacia Checoslovaquia. Durante el trayecto consigui\u00f3 evadirse junto a otras compa\u00f1eras y as\u00ed pudieron contactar primero con unidades del Ej\u00e9rcito Rojo y posteriormente con tropas americanas que fueron quienes dispusieron su repatriaci\u00f3n a Francia.<\/p>\n<p>Fuentes: Testimoni de Secundina Barcel\u00f3 a CATAL\u00c0, Neus. <em>De la resistencia y la deportaci\u00f3n. 50 testimonios de mujeres espa\u00f1olas<\/em>. Pen\u00ednsula, ADGENA, SL. Barcelona, 1984. P\u00e0g. 61-63<br \/>\n<a href=\"http:\/\/www.barceloninsdeportats.org\/es\/85\/barcelo-mirambell-secundina\/biografia.html\" target=\"_blank\" rel=\"noopener\">http:\/\/www.barceloninsdeportats.org\/es\/85\/barcelo-mirambell-secundina\/biografia.html<\/a><\/p>\n","protected":false},"featured_media":0,"template":"","class_list":["post-287","testimonis","type-testimonis","status-publish","hentry"],"acf":[],"_links":{"self":[{"href":"https:\/\/projecteravensbruck.amical-mauthausen.org\/es\/wp-json\/wp\/v2\/testimonis\/287","targetHints":{"allow":["GET"]}}],"collection":[{"href":"https:\/\/projecteravensbruck.amical-mauthausen.org\/es\/wp-json\/wp\/v2\/testimonis"}],"about":[{"href":"https:\/\/projecteravensbruck.amical-mauthausen.org\/es\/wp-json\/wp\/v2\/types\/testimonis"}],"wp:attachment":[{"href":"https:\/\/projecteravensbruck.amical-mauthausen.org\/es\/wp-json\/wp\/v2\/media?parent=287"}],"curies":[{"name":"wp","href":"https:\/\/api.w.org\/{rel}","templated":true}]}}

Secundina Barceló Mirambell

<p>Nació en Veguillas de la Sierra el 26 de mayo de 1910 (o 1911). Una pequeña y montañosa población turolense que en aquella década sufrió un descenso demográfico importante. La familia de Secundina fue una de las que emigró a Barcelona, cuando ella era muy pequeña. A los trece años estaba trabajando en una fábrica situada en el barrio de Gracia y posteriormente fue contratada, como tejedora a mano, en la empresa Can Pich y Aguilera. Militante de la UGT, debió ser una sindicalista comprometida puesto que formó parte del comité de esta empresa durante la guerra. Con la Retirada se exilió en Francia junto a su compañero Rafael Laborda.</p>
<p>Empezó a colaborar con la Resistencia, junto a Rafael y cuando éste fue destinado a la Bretaña para organizar grupos del PSUC con objeto de realizar actos de sabotaje, Secundina quedó sola en Orleans junto a su hijo. Rafael fue detenido y encarcelado en el penal de Eysses, donde participó activamente en la insurrección que llevaron a cabo los internos en febrero de 1944 y una vez que fue sofocada aquella insurrección un buen número de internos fueron deportados a Dachau, entre los que se encontraba Rafael. Secundina también fue detenida el 19 de julio de 1944 y durante dos semanas permaneció en las oficinas de la Gestapo en Orleans, donde sufrió torturas. Secundina, a pesar de ello, se mantuvo firme y la policía política no consiguió el propósito de sacarle información que hubiese puesto en peligro a sus camaradas resistentes. Tras estos interrogatorios, la turolense, quedó en un estado lamentable y fue trasladada a la prisión de Fresnes.</p>
<p>El 15 de agosto de 1944 se formó un gran convoy en la estación de Pantin (París) formado por 1654 hombre y 543 mujeres. Hacinados en vagones de ganado, emprendieron un viaje que duró siete largos días por las dificultades que encontró el tren para avanzar ante los ataques de la resistencia y los bombardeos sobre las líneas férreas. El día 20 de agosto los hombres fueron desembarcados en Buchenwald y las mujeres siguieron ruta hacia Ravensbrück donde ingresaron el día siguiente. Además de Secundina en este transporte fueron deportados otras dos españolas: Anunciación Iriberri de Castro Urdiales y Mª Carmen Van Hall, de Alcante. A Secundina le adjudicaron la matrícula 57610.</p>
<p>Según el testimonio de Secundina, recogido por la superviviente Neus Catalá y la escritora Montserrat Roig, en Ravensbrück permaneció un mes realizando pesados trabajos hasta que fue trasladada a un nuevo destino con la intención de utilizarla como trabajadora forzada en una fábrica de material de guerra, Así empezó un itinerario que la llevó por diferentes kommandos externos –Torbau, Abterode,…- donde tuvo que realizar trabajos forzados en penosas condiciones. Ante el avance de los aliados, los nazis evacuaron el campo donde se encontraba Secundina, con dirección hacia Checoslovaquia. Durante el trayecto consiguió evadirse junto a otras compañeras y así pudieron contactar primero con unidades del Ejército Rojo y posteriormente con tropas americanas que fueron quienes dispusieron su repatriación a Francia.</p>
<p>Fuentes: Testimoni de Secundina Barceló a CATALÀ, Neus. <em>De la resistencia y la deportación. 50 testimonios de mujeres españolas</em>. Península, ADGENA, SL. Barcelona, 1984. Pàg. 61-63<br />
<a href="http://www.barceloninsdeportats.org/es/85/barcelo-mirambell-secundina/biografia.html" target="_blank" rel="noopener">http://www.barceloninsdeportats.org/es/85/barcelo-mirambell-secundina/biografia.html</a></p>
